{"id":12,"date":"2013-01-24T16:36:25","date_gmt":"2013-01-24T15:36:25","guid":{"rendered":"http:\/\/www.restental.at\/?page_id=12"},"modified":"2014-01-11T18:01:14","modified_gmt":"2014-01-11T17:01:14","slug":"unsere-hundin","status":"publish","type":"page","link":"https:\/\/www.restental.at\/?page_id=12","title":{"rendered":"Unsere H\u00fcndin"},"content":{"rendered":"<h1><span style=\"color: #008080;\"><strong><span style=\"text-decoration: underline;\">Ina II vom Forst:<\/span><\/strong><\/span><\/h1>\n<p>geboren: 7. M\u00e4rz 2010<br \/>\nFormwert: \u201cv\u201d, 61cm<br \/>\nHD: A2; WG 1 WF 1<br \/>\nAnlagenpr\u00fcfung: 153 Punkte<br \/>\nFeld- und Wasserpr\u00fcfung: 312 P.\/1.a Preis (Pr\u00fcfungssieg)<br \/>\nVGP: 411 P.\/1.a Preis (Pr\u00fcfungssieg)<br \/>\nBringtreuepr\u00fcfung bestanden<br \/>\nSchwei\u00dfsonderpr\u00fcfung 36 P.\/3.b Preis<br \/>\nSchwei\u00dfsonderpr\u00fcfung ohne Richterbegleitung bestanden<br \/>\nBrauchbarkeitspr\u00fcfung lt. PO des O\u00f6. LJV bestanden<br \/>\nNachweis der jagdlichen Eignung erbracht<\/p>\n<p><span style=\"text-decoration: underline;\">Kurzbeschreibung:<\/span><\/p>\n<p><span style=\"font-family: Calibri;\">Nelly ist eine kleinrahmige, kompakte H\u00fcndin, die im Vollgebrauch mit Schwerpunkt im Bereich der Nachsuche gef\u00fchrt wird.\u00a0Sie ist\u00a0sehr leichtf\u00fchrig und kontaktfreudig, sicher kein Hund, der\u00a0seinen F\u00fchrer hinsichtlich Gehorsam besonders fordert. <\/span><\/p>\n<p><span style=\"font-family: Calibri;\">Den\u00a0den Weimaranern\u00a0oftmals zugeschriebenen\u00a0hohen Schutztrieb\u00a0k\u00f6nnen wir nicht best\u00e4tigen\u00a0(wurde aber auch nie gef\u00f6rdert), daf\u00fcr ist jede Menge Wildsch\u00e4rfe vorhanden. <\/span><span style=\"font-family: Calibri;\">Wobei diese kontrolliert und selektiv erfolgt. Hausgefl\u00fcgel und Hauskatzen\u00a0sind ihr vollkommen egal, im Revier wird Raubwild falls m\u00f6glich abgetan. Sichtiges Schalenwild (Reh-, Rot- und Gamswild) l\u00e4sst sie unbeeindruckt, selbst wenn dieses hochfl\u00fcchtig und in k\u00fcrzester Distanz passiert. Daher\u00a0kann Nelly sogar zum\u00a0St\u00f6bern bei Riegeljagden eingesetzt werden. <\/span><\/p>\n<p><span style=\"font-family: Calibri;\">Anders pr\u00e4sentiert sie sich, wenn sie bei der Nachsuche geschnallt wird. Krankes\u00a0Rehwild zieht\u00a0sie zuverl\u00e4ssig nieder und tut sie &#8211; wenn m\u00f6glich &#8211;\u00a0ab. Krankes\u00a0Rotwild\u00a0stellt\u00a0sie und\u00a0fixiert es mit Standlaut bis\u00a0ich bei ihr bin. <\/span><\/p>\n<p><span style=\"font-family: Calibri;\">Bei der\u00a0Feldarbeit\u00a0zeigt Nelly die weimaranertypischen Eigenschaften. Sie arbeitet ruhig, planm\u00e4\u00dfig und ausdauernd, meist mit tiefer Nase.\u00a0Bei den Kursen des Linzer Jagdhundepr\u00fcfungsvereins hat sich gezeigt, dass Nelly beim Tempo und\u00a0bei der\u00a0Weite durchaus mit den\u00a0&#8222;Drahthaarigen&#8220; mithalten kann. St\u00f6bern, Schleppen und Apporte\u00a0werden &#8222;zelebriert&#8220;. Nicht besonders schnell, daf\u00fcr aber zu 100 % verl\u00e4sslich.\u00a0 Im Wasser\u00a0arbeitet Nelly ebenso ruhig und gem\u00e4chlich.\u00a0Effektiv ist diese Methode jedenfalls, da die Enten nur selten abstreichen und sich meistens ins Schilf dr\u00fccken lassen.\u00a0Sie bringt die Enten\u00a0regelm\u00e4\u00dfig lebend und unversehrt.\u00a0<\/span><\/p>\n<div>\n<p>&nbsp;<\/p>\n<\/div>\n<p><a href=\"http:\/\/www.restental.at\/wp-content\/uploads\/2013\/01\/2011-Nelly.jpg\" rel=\"lightbox[12]\"><img loading=\"lazy\" decoding=\"async\" class=\"alignnone size-medium wp-image-63\" alt=\"2011-Nelly\" src=\"http:\/\/www.restental.at\/wp-content\/uploads\/2013\/01\/2011-Nelly-300x225.jpg\" width=\"300\" height=\"225\" srcset=\"https:\/\/www.restental.at\/wp-content\/uploads\/2013\/01\/2011-Nelly-300x225.jpg 300w, https:\/\/www.restental.at\/wp-content\/uploads\/2013\/01\/2011-Nelly-1024x768.jpg 1024w, https:\/\/www.restental.at\/wp-content\/uploads\/2013\/01\/2011-Nelly.jpg 1600w\" sizes=\"(max-width: 300px) 100vw, 300px\" \/><\/a><\/p>\n<p>&nbsp;<\/p>\n<p>&nbsp;<\/p>\n<p>&nbsp;<\/p>\n","protected":false},"excerpt":{"rendered":"<p>Ina II vom Forst: geboren: 7. M\u00e4rz 2010 Formwert: \u201cv\u201d, 61cm HD: A2; WG 1 WF 1 Anlagenpr\u00fcfung: 153 Punkte Feld- und Wasserpr\u00fcfung: 312 P.\/1.a Preis (Pr\u00fcfungssieg) VGP: 411 P.\/1.a Preis (Pr\u00fcfungssieg) Bringtreuepr\u00fcfung bestanden Schwei\u00dfsonderpr\u00fcfung 36 P.\/3.b Preis Schwei\u00dfsonderpr\u00fcfung ohne &hellip; <a href=\"https:\/\/www.restental.at\/?page_id=12\">Weiterlesen <span class=\"meta-nav\">&rarr;<\/span><\/a><\/p>\n","protected":false},"author":1,"featured_media":0,"parent":0,"menu_order":0,"comment_status":"closed","ping_status":"closed","template":"","meta":{"footnotes":""},"_links":{"self":[{"href":"https:\/\/www.restental.at\/index.php?rest_route=\/wp\/v2\/pages\/12"}],"collection":[{"href":"https:\/\/www.restental.at\/index.php?rest_route=\/wp\/v2\/pages"}],"about":[{"href":"https:\/\/www.restental.at\/index.php?rest_route=\/wp\/v2\/types\/page"}],"author":[{"embeddable":true,"href":"https:\/\/www.restental.at\/index.php?rest_route=\/wp\/v2\/users\/1"}],"replies":[{"embeddable":true,"href":"https:\/\/www.restental.at\/index.php?rest_route=%2Fwp%2Fv2%2Fcomments&post=12"}],"version-history":[{"count":10,"href":"https:\/\/www.restental.at\/index.php?rest_route=\/wp\/v2\/pages\/12\/revisions"}],"predecessor-version":[{"id":166,"href":"https:\/\/www.restental.at\/index.php?rest_route=\/wp\/v2\/pages\/12\/revisions\/166"}],"wp:attachment":[{"href":"https:\/\/www.restental.at\/index.php?rest_route=%2Fwp%2Fv2%2Fmedia&parent=12"}],"curies":[{"name":"wp","href":"https:\/\/api.w.org\/{rel}","templated":true}]}}